{"id":28,"date":"2015-11-22T18:22:01","date_gmt":"2015-11-22T17:22:01","guid":{"rendered":"http:\/\/imkerei-18er.de\/?page_id=28"},"modified":"2026-05-02T10:58:01","modified_gmt":"2026-05-02T10:58:01","slug":"produkte","status":"publish","type":"page","link":"https:\/\/ogv-gernlinden.eu\/","title":{"rendered":"Startseite"},"content":{"rendered":"<h3><strong><span style=\"color: #008000;\">Herzlich willkommen beim Obst-\u00a0<\/span><span style=\"color: #008000;\">und Gartenbauverein Gernlinden<\/span><\/strong><\/h3>\n<h6><span style=\"color: #008000;\">Wer einen Garten bepflanzt hat, sp\u00fcrt, dass er der Welt Gutes getan hat.<br \/><span style=\"color: #999999;\">(Charles Dudley Warner\/ Schriftsteller)<\/span><\/span><\/h6>\n<hr \/>\n<h4><strong><span style=\"color: #ff0000;\">Unser n\u00e4chster offener Stammtisch-Termin : \u00a0<\/span><br \/><span style=\"color: #ff0000;\">Am Dienstag, den 19.05.2026, um 19.30 Uhr, in der Sportgastst\u00e4tte Gernlinden\u00a0<\/span><\/strong><\/h4>\n<hr \/>\n<p><span style=\"color: #ff0000;\"><strong>Tagesfahrt mit dem Bus zur Landesgartenschau nach Ellwangen\u00a0<br \/><span style=\"color: #000000;\">Der OGV-Gernlinden macht eine Tagesfahrt am Freitag, 24.Juli 2026,\u00a0<\/span><\/strong><\/span><span style=\"color: #ff0000;\"><strong><span style=\"color: #000000;\">zur LGS nach Ellwangen<br \/>Bitte anmelden, es sind noch ein paar Pl\u00e4tze frei!<br \/>Das Programm: <a href=\"http:\/\/ogv-gernlinden.eu\/wp-content\/uploads\/2026\/03\/Tagesausflug-zur-LGS-nach-Ellwangen_2026.pdf\">pdf Tagesausflug zur LGS nach Ellwangen_2026<\/a><\/span><\/strong><\/span><\/p>\n<hr \/>\n<p><strong><span style=\"color: #ff0000;\">Achtung: Verg\u00fcnstigung f\u00fcr Mitglieder des OGV-Gernlinden!<\/span><\/strong><br \/><span style=\"color: #008000;\">Der Verein hat beim <strong>Hagebaumarkt F\u00fcrstenfeldbruck<\/strong> eine Gro\u00dfkundenkarte, das bedeutet, dass Eink\u00e4ufe des Obst- und Gartenbauverein<\/span><br \/><span style=\"color: #008000;\">Gernlinden e.V. unter <strong>Vorlage der Mitgliedskarte<\/strong> und der Kunden-Nr.: 5645323 mit einem <strong>Sofortrabatt von 10%<\/strong> get\u00e4tigt werden k\u00f6nnen! \u00a0<\/span><\/p>\n<hr \/>\n<div>\n<p><span style=\"color: #008000;\"><strong>Unser erster Baumpate \u2013 ein starkes Zeichen f\u00fcr unsere Hochzeitswiese<\/strong> <\/span><strong>&#x1f333;<br \/><\/strong>Ein herzliches Dankesch\u00f6n an unseren ersten Baumpaten Manfred M\u00fcller, der mit seiner Patenschaft f\u00fcr einen Obstbaum auf unserer Hochzeitswiese ein wunderbares Zeichen f\u00fcr Gemeinschaft, Engagement und Naturverbundenheit setzt. Mit seinem Einsatz schafft er etwas Bleibendes und hilft dabei, unsere Hochzeitswiese Schritt f\u00fcr Schritt zu einem lebendigen Ort der Begegnung und Freude wachsen zu lassen. \u00a0 \u00a0 \u00a0 \u00a0 \u00a0 \u00a0 \u00a0 \u00a0 \u00a0 \u00a0 \u00a0 \u00a0 \u00a0<br \/>\u00a0\u00a0 \u00a0 \u00a0 \u00a0 \u00a0 \u00a0 \u00a0 \u00a0 \u00a0 \u00a0 \u00a0 \u00a0 \u00a0 \u00a0 \u00a0 \u00a0 \u00a0 \u00a0 \u00a0 \u00a0 \u00a0 \u00a0 \u00a0 \u00a0 \u00a0 \u00a0 \u00a0 \u00a0 \u00a0 \u00a0 \u00a0 \u00a0 \u00a0 \u00a0 \u00a0 \u00a0 \u00a0 \u00a0 \u00a0 \u00a0 \u00a0 \u00a0 \u00a0 \u00a0 \u00a0 \u00a0 \u00a0 \u00a0 \u00a0 \u00a0 \u00a0 \u00a0 \u00a0 \u00a0 \u00a0 \u00a0 \u00a0 \u00a0 \u00a0 <img loading=\"lazy\" decoding=\"async\" class=\"alignnone  wp-image-3772\" src=\"http:\/\/ogv-gernlinden.eu\/wp-content\/uploads\/2026\/04\/Bild_Patenbaum-vorher-nachher_IMG_1839-1-300x300.jpg\" alt=\"\" width=\"278\" height=\"278\" srcset=\"https:\/\/ogv-gernlinden.eu\/wp-content\/uploads\/2026\/04\/Bild_Patenbaum-vorher-nachher_IMG_1839-1-300x300.jpg 300w, https:\/\/ogv-gernlinden.eu\/wp-content\/uploads\/2026\/04\/Bild_Patenbaum-vorher-nachher_IMG_1839-1-150x150.jpg 150w, https:\/\/ogv-gernlinden.eu\/wp-content\/uploads\/2026\/04\/Bild_Patenbaum-vorher-nachher_IMG_1839-1-768x769.jpg 768w, https:\/\/ogv-gernlinden.eu\/wp-content\/uploads\/2026\/04\/Bild_Patenbaum-vorher-nachher_IMG_1839-1-80x80.jpg 80w, https:\/\/ogv-gernlinden.eu\/wp-content\/uploads\/2026\/04\/Bild_Patenbaum-vorher-nachher_IMG_1839-1.jpg 799w\" sizes=\"auto, (max-width: 278px) 100vw, 278px\" \/> \u00a0 \u00a0 \u00a0 \u00a0 \u00a0 \u00a0 \u00a0 \u00a0 \u00a0\u00a0<\/p>\n<\/div>\n<hr \/>\n<h3><strong><span style=\"color: #008000;\"><span style=\"font-size: medium;\">Eidechsenhabitat auf der Streuobstwiese:\u00a0<\/span><\/span><span style=\"color: #008000;\"><span style=\"font-size: medium;\"><br \/><\/span><\/span><\/strong><strong><span style=\"color: #008000;\"><span style=\"font-size: medium;\">Auf der Streuobstwiese am Ortseingang (beimKreisverkehr) wurde vom <br \/>OGV-Gernlinden ein Eidechsen- und Reprtilienhabitat errichtet. \u00a0 \u00a0 \u00a0 \u00a0 <\/span><\/span><\/strong><\/h3>\n<p><strong><span style=\"color: #008000;\"><span style=\"font-size: medium;\">\u00a0 <img loading=\"lazy\" decoding=\"async\" class=\"alignnone  wp-image-3727\" src=\"http:\/\/ogv-gernlinden.eu\/wp-content\/uploads\/2026\/02\/Bildschirmfoto-2026-02-12-um-12.30.00-300x220.png\" alt=\"\" width=\"290\" height=\"213\" srcset=\"https:\/\/ogv-gernlinden.eu\/wp-content\/uploads\/2026\/02\/Bildschirmfoto-2026-02-12-um-12.30.00-300x220.png 300w, https:\/\/ogv-gernlinden.eu\/wp-content\/uploads\/2026\/02\/Bildschirmfoto-2026-02-12-um-12.30.00-768x562.png 768w, https:\/\/ogv-gernlinden.eu\/wp-content\/uploads\/2026\/02\/Bildschirmfoto-2026-02-12-um-12.30.00.png 846w\" sizes=\"auto, (max-width: 290px) 100vw, 290px\" \/><\/span>\u00a0 \u00a0 \u00a0<br \/><\/span><span style=\"color: #0000ff;\"><span style=\"color: #008000;\">Weiterlesen:\u00a0<\/span><\/span><span style=\"color: #0000ff;\">\u00a0<\/span><span style=\"color: #0000ff;\"><a href=\"http:\/\/ogv-gernlinden.eu\/wp-content\/uploads\/2025\/12\/Eidechsen-Reptilienhabitat-auf-Streuobstwiese.pdf\"><span style=\"color: #0000ff;\">pdf Eidechsen- Reptilienhabitat auf Streuobstwiese<\/span><\/a><\/span><\/strong><\/p>\n<hr \/>\n<p><span style=\"color: #008000;\"><strong>Teilnahme des OGV-Gernlinden beim Streuobstwettbewerb:<br \/>Gro\u00dfer Erfolg beim Streuobstwettbewerb \u2013 <br \/><span style=\"color: #ff0000;\">1. Platz f\u00fcr den Obst- und Gartenbauverein Gernlinden e.V.<\/span><br \/>Weiterlesen: <span style=\"color: #0000ff;\">\u00a0<a style=\"color: #0000ff;\" href=\"http:\/\/ogv-gernlinden.eu\/wp-content\/uploads\/2026\/03\/a_Streuobstwettbewerb-20252026.pdf\">pdf_Streuobstwettbewerb 2025:2026<\/a><\/span><\/strong><\/span><\/p>\n<p><span style=\"color: #008000;\"><strong>Eingereichte Teilnahmeunterlagen: <span style=\"color: #0000ff;\"><a style=\"color: #0000ff;\" href=\"http:\/\/ogv-gernlinden.eu\/wp-content\/uploads\/2026\/03\/x_2025-06-26-PPP-Streuobstwettbewerb.pdf\">_pdf 2025-06-26 ppp Streuobstwettbewerb<\/a><\/span><\/strong><\/span><\/p>\n<hr \/>\n<p><strong><span style=\"color: #008000; font-size: 1.125em;\">Die Streuobstwiese<\/span><\/strong><\/p>\n<p><strong>Die Streuobstwiese und ihre Bedeutung. \u00a0<\/strong>&#8212;&gt; <span style=\"color: #0000ff;\">weiter lesen: <\/span><a href=\"http:\/\/ogv-gernlinden.eu\/wp-content\/uploads\/2020\/12\/g30_Streuobstwiese.pdf\"><span style=\"color: #0000ff;\">_pdf_Streuobstwiese<\/span><\/a><\/p>\n<hr \/>\n<p><span style=\"color: #008000;\"><strong>Kleines Informationsblatt Wildbienen und Honigbiene:<\/strong><br \/><\/span><span style=\"font-size: 15.199999809265137px;\">Der\u00a0bayerische Landesverband f\u00fcr Gartenbau und Landespflege\u00a0hat ein Informationsblatt <br \/>\u00fcber Wild- und Honigbiene in seinen Garten-Info-Bl\u00e4ttern abgelegt. \u00a0<\/span><\/p>\n<div class=\"page\" title=\"Page 1\">\n<div class=\"section\">\n<div class=\"layoutArea\">\n<p class=\"column\"><span style=\"font-size: 15.199999809265137px;\"><span style=\"color: #0000ff;\">Honigbienen, Wildbienen, Hummeln : \u00a0lesen &#8212;&gt; pdf:<a style=\"color: #0000ff;\" href=\"http:\/\/ogv-gernlinden.eu\/wp-content\/uploads\/2020\/07\/0_a_Garten-Info-Bienen-Wildbienen.pdf\">_Garten-Info Bienen Wildbienen<\/a><br \/>Allgemeines Info-Blatt \u00fcber Bienenweiden: \u00a0lesen &#8212;-&gt; pdf: <a style=\"color: #0000ff;\" href=\"http:\/\/ogv-gernlinden.eu\/wp-content\/uploads\/2020\/07\/0_a_Garten-Info-Bienenweiden.pdf\">_Garten-Info Bienenweiden<\/a><\/span><\/span><\/p>\n<hr \/><strong><span style=\"color: #ff0000;\">Die \u00a0Asiatische Hornisse im Anmarsch:<\/span><br \/><span style=\"color: #008080;\"><span style=\"color: #008000;\">Wie gef\u00e4hrlich ist diese invasive Art und was sollte man machen?\u00a0<br \/><\/span><\/span><\/strong><span style=\"color: #008000;\"><strong>Infoblatt von der Universit\u00e4t Hohenheim<\/strong><\/span><strong><span style=\"color: #008080;\"><span style=\"color: #008000;\">: <a href=\"http:\/\/ogv-gernlinden.eu\/wp-content\/uploads\/2026\/03\/a_Allgemeines_Informationsblatt_Asiatische_Hornisse_100425.pdf\">\u00a0pdf_Allgemeines_Informationsblatt_Asiatische_Hornisse_<\/a><\/span><\/span><\/strong>\n<div class=\"column\"><hr \/><\/div>\n<\/div>\n<\/div>\n<\/div>\n<div class=\"page\" title=\"Page 1\">\n<div class=\"layoutArea\">\n<p><strong><span style=\"color: #008000; font-size: 0.95em;\">Blume &#8211; Baum &#8211; Vogel des Jahres 2026: <\/span><\/strong><span style=\"color: #008000; font-size: 0.95em;\"><span style=\"color: #000000;\">\u00a0 \u00a0 \u00a0 Blume: Der Feldrittersporn<br \/>\u00a0 \u00a0 \u00a0 \u00a0 \u00a0 \u00a0 \u00a0 \u00a0 \u00a0 \u00a0 \u00a0 \u00a0 \u00a0 \u00a0 \u00a0 \u00a0 \u00a0 \u00a0 \u00a0 \u00a0 \u00a0 \u00a0 \u00a0 \u00a0 \u00a0 \u00a0 \u00a0 \u00a0 \u00a0 \u00a0 \u00a0 \u00a0 \u00a0 \u00a0 \u00a0 \u00a0 \u00a0 \u00a0 \u00a0 \u00a0 \u00a0 \u00a0 \u00a0 \u00a0 \u00a0 Baum: Die Zitterpappel<br \/>\u00a0 \u00a0 \u00a0 \u00a0 \u00a0 \u00a0 \u00a0 \u00a0 \u00a0 \u00a0 \u00a0 \u00a0 \u00a0 \u00a0 \u00a0 \u00a0 \u00a0 \u00a0 \u00a0 \u00a0 \u00a0 \u00a0 \u00a0 \u00a0 \u00a0 \u00a0 \u00a0 \u00a0 \u00a0 \u00a0 \u00a0 \u00a0 \u00a0 \u00a0 \u00a0 \u00a0 \u00a0 \u00a0 \u00a0 \u00a0 \u00a0 \u00a0 \u00a0 \u00a0 \u00a0 Vogel: Das Rebhuhn<br \/><\/span><\/span><\/p>\n<hr \/>\n<h3><span style=\"color: #ff0000;\"><strong>Unser Baum des Monats April, der\u00a0<span style=\"caret-color: #339966;\">Birnbaum\u00a0<\/span><\/strong><\/span><\/h3>\n<p><span style=\"color: #339966;\">Ob auf der Streuobstwiese, im Hausgarten oder am Feldrand \u2013 B\u00e4ume begleiten unser Dorf seit Generationen. <\/span><br \/><span style=\"color: #339966;\">Manche stehen schon l\u00e4nger als wir Vereinsmitglieder alt sind, andere warten noch darauf, gepflanzt zu werden.<br \/>Mit unserer neuen Kolumne\u00a0<strong>\u201eUnser Baum des Monats\u201c\u00a0<\/strong>m\u00f6chten wir jeden Monat einen Obstbaum vorstellen: <br \/>seine Geschichte, seine Pflege \u2013 und warum er es verdient, erhalten zu werden.\u00a0<br \/><strong>Denn wer B\u00e4ume kennt, sch\u00fctzt sie. Und wer alte Sorten pflegt, bewahrt ein St\u00fcck Heimat.<\/strong><\/span><\/p>\n<p><strong>Unser Baum des Monats: _<a href=\"http:\/\/ogv-gernlinden.eu\/wp-content\/uploads\/2026\/03\/2_Unser-Baum-des-Monats-April_der-Birnbaum.pdf\">pdf_Unser Baum des Monats April_der Birnbaum<\/a><\/strong><\/p>\n<hr \/>\n<h4><span style=\"color: #0000ff;\">Informationen zu Balkongem\u00fcse und Balkonblumen:<\/span><\/h4>\n<p>&#8212;-&gt; hier zu Informationen___<span style=\"color: #0000ff;\">pdf: <a href=\"http:\/\/ogv-gernlinden.eu\/wp-content\/uploads\/2023\/01\/g44a_FB-Obst-und-Gemuese-auf-Balkon-und-Terrasse.pdf\">_<span style=\"color: #0000ff;\">Fachblatt-Obst-und-Gemuese-auf-Balkon-und-Terrasse<\/span><\/a><\/span><\/p>\n<p>\u00a0&#8212;-&gt; Balkone und Terrassen gestalten _<span style=\"color: #0000ff;\">pdf: \u00a0<\/span>\u00a0<span style=\"color: #0000ff;\"><a style=\"color: #0000ff;\" href=\"http:\/\/ogv-gernlinden.eu\/wp-content\/uploads\/2023\/01\/g44_Balkone-und-Terrassen-gestalten-2.pdf\">_Balkone und Terrassen gestalten<\/a><\/span> \u00a0 \u00a0 \u00a0 \u00a0 \u00a0 \u00a0 \u00a0 \u00a0 \u00a0 \u00a0 \u00a0 \u00a0 \u00a0 \u00a0 \u00a0 \u00a0 \u00a0 \u00a0 \u00a0 \u00a0 \u00a0 \u00a0 \u00a0 \u00a0 \u00a0 \u00a0 \u00a0 \u00a0 \u00a0 \u00a0 \u00a0 \u00a0\u00a0<\/p>\n<hr \/>\n<p><strong style=\"color: #008000; font-size: 2.25em;\">Gartenarbeiten im Mai:<\/strong><\/p>\n<p><span style=\"color: #999999;\">Die folgenden Texte im Gartenkalender, In Anlehnung an: LOGL-Gartenkalender &amp; naturimgarten.at :<\/span><\/p>\n<p><span style=\"color: #008000; font-size: 1.5em;\">GARTENKALENDER<\/span><\/p>\n<p><strong style=\"color: #999999; font-size: 0.95em;\"><b><span style=\"color: #008000;\">Bodenproben nehmen<\/span><\/b><\/strong><br \/><span style=\"color: #000000;\">Wer seinen Boden analysieren m\u00f6chte, sollte jetzt gem\u00e4\u00df der bekanntgegebenen Vorgehensweise die Bodenproben entnehmen.<br \/>Hilfestellung dazu gibt gerne unser Werner Feiler, wendet Euch bei Bedarf an ihn.<\/span><\/p>\n<p><strong style=\"color: #999999; font-size: 0.95em;\"><b><span style=\"color: #008000;\">Obstbaumbl\u00fcte<\/span><\/b><\/strong><br \/><span style=\"color: #000000;\">Das sind mit die ersten Pollenspender f\u00fcr die Insekten. Kirsche, Zwetschge, Apfel und Reneklode stehen in voller Bl\u00fcte.<br \/>Die Bienen sind bereits sehr aktiv, beim Best\u00e4uben der Bl\u00fcten und \u00a0beim Pollen und Nektar sammeln.<\/span><\/p>\n<p><strong><b><span style=\"color: #008000;\"><span style=\"caret-color: #008000; font-size: 15.199999809265137px;\">Im<\/span><span style=\"font-size: 0.95em;\">\u00a0Gew\u00e4chshaus Pflanzen vorziehen<\/span><\/span><\/b><\/strong><br \/><span style=\"color: #000000;\">Tomaten, Paprika, Chili und Kohlarten k\u00f6nnen jetzt bereits im Gew\u00e4chshaus vorgezogen werden.<\/span><\/p>\n<p><strong><b><span style=\"color: #008000;\"><span style=\"caret-color: #008000; font-size: 15.199999809265137px;\">Rosen<\/span><span style=\"font-size: 0.95em;\">\u00a0schneiden<\/span><\/span><\/b><\/strong><br \/><span style=\"color: #000000;\">\u00a0Die in den Wintermonaten abgestorbenen Spitzen und \u00c4ste jetzt unbedingt abgeschnitten werden<\/span><\/p>\n<p><strong style=\"color: #999999; font-size: 0.95em;\"><b><span style=\"color: #008000;\">K\u00fcbelpflanzen aus dem\u00a0<\/span><\/b><\/strong><span style=\"color: #008000;\"><span style=\"caret-color: #008000; font-size: 15.199999809265137px;\"><b>Winterquartier<br \/><\/b><\/span><\/span><span style=\"color: #000000;\">K\u00fcbelpflanzen \u00a0langsam in den Garten gebracht werden. Die empfindlicheren Pflanzen bei Frostgefahr \u00fcber Nacht unbedingt mit Flies abdecken!<\/span><\/p>\n<div class=\"column\">\n<p><strong style=\"color: #999999; font-size: 0.95em;\"><b><span style=\"color: #008000;\">Holz- und Reisighaufen<\/span><\/b><\/strong><br \/>Geh\u00f6lzschnitt enth\u00e4lt N\u00e4hrstoffe und sollte dem Kreislauf des Gartens nicht verloren gehen. Deshalb bietet sich an, das Schnittgut zu h\u00e4ckseln (und als Mulchmaterial zu verwenden) oder zu Holzstapeln und Reisighaufen aufzuschichten. Asthaufen sollten nicht bewegt werden, denn Igel, Blindschleichen, Kr\u00f6ten, Spitzm\u00e4use, Geh\u00e4useschnecken und Insekten sind noch in der Winterruhe!<\/p>\n<p><strong style=\"color: #999999; font-size: 0.95em;\"><b><span style=\"color: #008000;\">Kompost\u00a0<\/span><\/b><\/strong><br \/>\u00a0Achtung: Der Komposthaufen darf nicht zu nass (gegebenenfalls abdecken), aber auch nicht zu trocken gehalten werden (in diesem Fall gie\u00dfen).<br \/><strong>Zum Nachlesen:<\/strong><span style=\"color: #0000ff;\"> pdf&#8212;-&gt;<a style=\"color: #0000ff;\" href=\"http:\/\/ogv-gernlinden.eu\/wp-content\/uploads\/2020\/07\/000_Garten-Info-Kompost.pdf\">_Garten-Info Kompost<\/a><\/span><\/p>\n<p><strong style=\"color: #999999; font-size: 0.95em;\"><b><span style=\"color: #008000;\">Gartenger\u00e4te \u00fcberpr\u00fcfen<\/span><\/b><\/strong><br \/>Die Gartenger\u00e4te \u00fcberpr\u00fcfen, sch\u00e4rfen und gegebenenfalls reparieren oder erneuern.<\/p>\n<p><strong style=\"color: #999999; font-size: 0.95em;\"><b><span style=\"color: #008000;\">Gartenteich im Fr\u00fchjahr<\/span><\/b><\/strong><br \/>Abgestorbene Bl\u00e4tter auf der Oberfl\u00e4che und soweit m\u00f6glich auch am Grund entfernen. Die ersten neuen Teichpflanzen k\u00f6nnen eingesetzt werden<\/p>\n<\/div>\n<\/div>\n<p><b style=\"font-size: 0.95em;\"><span style=\"color: #008000;\">Kaffeesatz geh\u00f6rt immer auf den Kompost<br \/><\/span><\/b><span style=\"font-size: 0.95em;\">Kaffeesatz geh\u00f6rt nicht in den M\u00fclleimer, sondern<\/span><strong style=\"font-size: 0.95em;\"> immer auf den Kompost<\/strong><span style=\"font-size: 0.95em;\">. Er lockt Regenw\u00fcrmer an, die den organischen Abfall in wertvollen Humus verwandeln. <\/span><strong style=\"font-size: 0.95em;\">Tipp:<\/strong><span style=\"font-size: 0.95em;\"> Blumenerde wird lockerer, wenn man sie mit etwas Kaffeesatz vermischt.<\/span><\/p>\n<\/div>\n<h5><span style=\"color: #0000ff;\"><strong>Weitere n\u00fctzliche Informationen finden Sie auf der Seite\u00a0&#8222;OGV-Gartentipps&#8220;.<br \/>Schauen Sie rein und empfehlen Sie uns weiter!<\/strong><\/span><\/h5>\n<hr \/>\n<p><strong><span style=\"color: #0000ff;\">Die f\u00fcr Gernlinden-Nord gemessene Niederschlagsmenge je Monat, in Liter pro Quadratmeter :<\/span><br \/>(Private Eigenmessungen)<br \/>1 mm Niederschlag entspricht 1 l <b>Wasser<\/b> pro m\u00b2. Dieses <b>dringt<\/b> \u2013 je nach Bodenart \u2013 etwa 1 cm <b>weit<\/b> ein. Wer die Wurzeln in 15 cm Tiefe versorgen will, muss also 15 l ausbringen, das sind 1,5 Gie\u00dfkannen je m\u00b2.<br \/><\/strong><\/p>\n<p>&nbsp;<\/p>\n<p>&nbsp;<\/p>\n<p><img loading=\"lazy\" decoding=\"async\" class=\"wp-image-3779 aligncenter\" src=\"http:\/\/ogv-gernlinden.eu\/wp-content\/uploads\/2026\/05\/Bildschirmfoto-2026-05-02-um-12.39.57-300x223.png\" alt=\"\" width=\"623\" height=\"463\" srcset=\"https:\/\/ogv-gernlinden.eu\/wp-content\/uploads\/2026\/05\/Bildschirmfoto-2026-05-02-um-12.39.57-300x223.png 300w, https:\/\/ogv-gernlinden.eu\/wp-content\/uploads\/2026\/05\/Bildschirmfoto-2026-05-02-um-12.39.57.png 674w\" sizes=\"auto, (max-width: 623px) 100vw, 623px\" \/><\/p>\n<hr \/>\n<p>&nbsp;<\/p>\n<p>&nbsp;<\/p>\n\n\n<p><\/p>\n","protected":false},"excerpt":{"rendered":"<p>Herzlich willkommen beim Obst-\u00a0und Gartenbauverein Gernlinden Wer einen Garten bepflanzt hat, sp\u00fcrt, dass er der Welt Gutes getan hat.(Charles Dudley Warner\/ Schriftsteller) Unser n\u00e4chster offener Stammtisch-Termin : \u00a0Am Dienstag, den 19.05.2026, um 19.30 Uhr, in der Sportgastst\u00e4tte Gernlinden\u00a0 Tagesfahrt mit dem Bus zur Landesgartenschau nach Ellwangen\u00a0Der OGV-Gernlinden macht eine Tagesfahrt am Freitag, 24.Juli 2026,\u00a0zur LGS nach EllwangenBitte anmelden, es sind<\/p>\n","protected":false},"author":1,"featured_media":0,"parent":0,"menu_order":0,"comment_status":"closed","ping_status":"closed","template":"","meta":{"footnotes":""},"class_list":["post-28","page","type-page","status-publish","hentry"],"_links":{"self":[{"href":"https:\/\/ogv-gernlinden.eu\/index.php?rest_route=\/wp\/v2\/pages\/28","targetHints":{"allow":["GET"]}}],"collection":[{"href":"https:\/\/ogv-gernlinden.eu\/index.php?rest_route=\/wp\/v2\/pages"}],"about":[{"href":"https:\/\/ogv-gernlinden.eu\/index.php?rest_route=\/wp\/v2\/types\/page"}],"author":[{"embeddable":true,"href":"https:\/\/ogv-gernlinden.eu\/index.php?rest_route=\/wp\/v2\/users\/1"}],"replies":[{"embeddable":true,"href":"https:\/\/ogv-gernlinden.eu\/index.php?rest_route=%2Fwp%2Fv2%2Fcomments&post=28"}],"version-history":[{"count":1444,"href":"https:\/\/ogv-gernlinden.eu\/index.php?rest_route=\/wp\/v2\/pages\/28\/revisions"}],"predecessor-version":[{"id":3781,"href":"https:\/\/ogv-gernlinden.eu\/index.php?rest_route=\/wp\/v2\/pages\/28\/revisions\/3781"}],"wp:attachment":[{"href":"https:\/\/ogv-gernlinden.eu\/index.php?rest_route=%2Fwp%2Fv2%2Fmedia&parent=28"}],"curies":[{"name":"wp","href":"https:\/\/api.w.org\/{rel}","templated":true}]}}