{"id":254,"date":"2016-11-08T19:46:13","date_gmt":"2016-11-08T18:46:13","guid":{"rendered":"http:\/\/imkerei-18er.de\/?page_id=254"},"modified":"2026-03-02T10:31:26","modified_gmt":"2026-03-02T10:31:26","slug":"kontakt","status":"publish","type":"page","link":"https:\/\/ogv-gernlinden.eu\/?page_id=254","title":{"rendered":"Pflanzenmarkt \/ Tauschb\u00f6rse"},"content":{"rendered":"\n<p><\/p>\n\n\n\n<p><\/p>\n\n\n\n<p>Am <strong>Samstag, 09.05.2026 veranstaltet der Kreisverband FFB in Adelshofen <\/strong>wieder die Saatgutb\u00f6rse und Pflanzenverkauf \/-tausch. 2025 war ein gro\u00dfer Erfolg. Es fallen keine Standgeb\u00fchren an. Der OGV Gernlinden m\u00f6chte sich 2026 daran beteiligen.<br>Die Mitglieder wurden gebeten, Samen oder Pflanzen, die sie tauschen \/ verkaufen wollen, zu sam- meln, damit wir etwas anbieten k\u00f6nnen.<\/p>\n\n\n\n<p><strong>Samstag 09. Mai<\/strong>, Pflanzenmarkt. \u00dcbrige Pflanzen wegwerfen \u2013 zu schade!<br>Ort: Rathausplatz Maisach<br>Uhrzeit: 13.30 Uhr<br>Sie k\u00f6nnen Ihre Gem\u00fcse- und Blumenpflanzen oder Stauden zum Tausch, Verkauf oder Verschenken anbieten.<\/p>\n\n\n\n<p><\/p>\n\n\n\n<p><\/p>\n","protected":false},"excerpt":{"rendered":"<p>Am Samstag, 09.05.2026 veranstaltet der Kreisverband FFB in Adelshofen wieder die Saatgutb\u00f6rse und Pflanzenverkauf \/-tausch. 2025 war ein gro\u00dfer Erfolg. Es fallen keine Standgeb\u00fchren an. Der OGV Gernlinden m\u00f6chte sich 2026 daran beteiligen.Die Mitglieder wurden gebeten, Samen oder Pflanzen, die sie tauschen \/ verkaufen wollen, zu sam- meln, damit wir etwas anbieten k\u00f6nnen. Samstag 09. Mai, Pflanzenmarkt. \u00dcbrige Pflanzen wegwerfen<\/p>\n","protected":false},"author":1,"featured_media":0,"parent":0,"menu_order":0,"comment_status":"closed","ping_status":"closed","template":"","meta":{"footnotes":""},"class_list":["post-254","page","type-page","status-publish","hentry"],"_links":{"self":[{"href":"https:\/\/ogv-gernlinden.eu\/index.php?rest_route=\/wp\/v2\/pages\/254","targetHints":{"allow":["GET"]}}],"collection":[{"href":"https:\/\/ogv-gernlinden.eu\/index.php?rest_route=\/wp\/v2\/pages"}],"about":[{"href":"https:\/\/ogv-gernlinden.eu\/index.php?rest_route=\/wp\/v2\/types\/page"}],"author":[{"embeddable":true,"href":"https:\/\/ogv-gernlinden.eu\/index.php?rest_route=\/wp\/v2\/users\/1"}],"replies":[{"embeddable":true,"href":"https:\/\/ogv-gernlinden.eu\/index.php?rest_route=%2Fwp%2Fv2%2Fcomments&post=254"}],"version-history":[{"count":32,"href":"https:\/\/ogv-gernlinden.eu\/index.php?rest_route=\/wp\/v2\/pages\/254\/revisions"}],"predecessor-version":[{"id":3739,"href":"https:\/\/ogv-gernlinden.eu\/index.php?rest_route=\/wp\/v2\/pages\/254\/revisions\/3739"}],"wp:attachment":[{"href":"https:\/\/ogv-gernlinden.eu\/index.php?rest_route=%2Fwp%2Fv2%2Fmedia&parent=254"}],"curies":[{"name":"wp","href":"https:\/\/api.w.org\/{rel}","templated":true}]}}

Pflanzenmarkt / Tauschbörse

<p></p>



<p></p>



<p>Am <strong>Samstag, 09.05.2026 veranstaltet der Kreisverband FFB in Adelshofen </strong>wieder die Saatgutbörse und Pflanzenverkauf /-tausch. 2025 war ein großer Erfolg. Es fallen keine Standgebühren an. Der OGV Gernlinden möchte sich 2026 daran beteiligen.<br>Die Mitglieder wurden gebeten, Samen oder Pflanzen, die sie tauschen / verkaufen wollen, zu sam- meln, damit wir etwas anbieten können.</p>



<p><strong>Samstag 09. Mai</strong>, Pflanzenmarkt. Übrige Pflanzen wegwerfen – zu schade!<br>Ort: Rathausplatz Maisach<br>Uhrzeit: 13.30 Uhr<br>Sie können Ihre Gemüse- und Blumenpflanzen oder Stauden zum Tausch, Verkauf oder Verschenken anbieten.</p>



<p></p>



<p></p>

<p>Am Samstag, 09.05.2026 veranstaltet der Kreisverband FFB in Adelshofen wieder die Saatgutbörse und Pflanzenverkauf /-tausch. 2025 war ein großer Erfolg. Es fallen keine Standgebühren an. Der OGV Gernlinden möchte sich 2026 daran beteiligen.Die Mitglieder wurden gebeten, Samen oder Pflanzen, die sie tauschen / verkaufen wollen, zu sam- meln, damit wir etwas anbieten können. Samstag 09. Mai, Pflanzenmarkt. Übrige Pflanzen wegwerfen</p>
